
True
Is 123364537 a prime number?
True
Is 844613871 a prime number?
False
Is 541421843 a composite number?
True
Is 20026305479 a prime number?
True
Is 830541799 composite?
True
Is 163889053 a composite number?
True
Is 345860929 a prime number?
False
Is 6555658997 composite?
False
Is 27170753609 a prime number?
False
Is 51564676183 a prime number?
False
Is 2604193183 prime?
True
Is 673335121 composite?
False
Is 285617389 prime?
False
Is 2372070083 prime?
True
Is 542139817 a composite number?
False
Is 70247655041 composite?
False
Is 456998459 a prime number?
True
Is 48990973 a prime number?
True
Is 663757739 a prime number?
False
Is 7887626641 composite?
False
Is 156639034763 a prime number?
True
Is 13984522477 composite?
True
Is 5024753537 composite?
False
Is 4055221789 composite?
False
Is 121841257 composite?
False
Is 18357582743 composite?
False
Is 24521369177 composite?
True
Is 1177063439 prime?
True
Is 10440097189 composite?
True
Is 9556321897 a prime number?
True
Is 4250365421 composite?
False
Is 2267018753 composite?
False
Is 20863216519 a prime number?
True
Is 18884337347 composite?
False
Is 433136261 composite?
False
Is 26269516127 composite?
False
Is 286808129 composite?
False
Is 30235603133 composite?
False
Is 10420988341 a composite number?
True
Is 3740435891 composite?
True
Is 4880176831 a composite number?
True
Is 43102067 a composite number?
False
Is 529279571 a prime number?
False
Is 97252480681 a composite number?
False
Is 182777593 prime?
True
Is 3825712811 prime?
True
Is 58890127559 composite?
False
Is 1968022601 composite?
False
Is 550182167 composite?
True
Is 91383627557 prime?
True
Is 3958590787 prime?
False
Is 6740896619 prime?
False
Is 387872269 prime?
True
Is 1638609967 prime?
True
Is 55654524985 a composite number?
True
Is 975132845 a prime number?
False
Is 75023243851 a composite number?
True
Is 10397755843 composite?
True
Is 65597480161 a composite number?
True
Is 5525057227 prime?
False
Is 220416121 a prime number?
True
Is 267392803 composite?
False
Is 104727373 prime?
False
Is 6488241707 prime?
True
Is 665390639 a prime number?
True
Is 63631826509 a composite number?
False
Is 1355802161 prime?
False
Is 15619722427 prime?
False
Is 408499417 composite?
True
Is 8314101721 prime?
True
Is 12816168593 a composite number?
False
Is 14921336591 a composite number?
True
Is 17800620883 a composite number?
True
Is 2014026247 prime?
False
Is 62628721 a composite number?
False
Is 9043943723 composite?
False
Is 14107300737 a composite number?
True
Is 11825798821 a composite number?
True
Is 5044490467 prime?
False
Is 834415163 prime?
True
Is 44055220753 prime?
True
Is 20266797973 composite?
False
Is 20170771903 prime?
False
Is 73358990693 composite?
False
Is 133146623293 a composite number?
False
Is 84977015771 prime?
True
Is 3336956317 composite?
False
Is 14615849663 a composite number?
True
Is 11567794417 a composite number?
False
Is 9280825089 prime?
False
Is 29731676089 a prime number?
False
Is 12080661211 composite?
True
Is 3202253351 prime?
False
Is 12094169251 a composite number?
True
Is 871893791 composite?
False
Is 12107443071 composite?
True
Is 7123521817 composite?
False
Is 7031833451 a composite number?
True
Is 4789429251 a prime number?
False
Is 4653414215 a composite number?
True
Is 7822289011 a prime number?
True
Is 150989119 a composite number?
True
Is 36239362387 composite?
False
Is 13185839067 prime?
False
Is 5477043769 prime?
True
Is 548552003 a composite number?
True
Is 792307541 a prime number?
True
Is 37082487289 a prime number?
True
Is 27842905 a composite number?
True
Is 12047600861 a prime number?
True
Is 8636189773 composite?
False
Is 86922931 a composite number?
False
Is 9282479077 a composite number?
True
Is 223397486427 prime?
False
Is 11772196727 a prime number?
False
Is 121403774887 a prime number?
True
Is 279122533 prime?
True
Is 42973686505 prime?
False
Is 1532185349 a prime number?
True
Is 1661425511 prime?
False
Is 15672134893 a composite number?
False
Is 4275203 a prime number?
False
Is 6140250307 composite?
True
Is 3543286181 a composite number?
False
Is 2049786523 a prime number?
False
Is 441274979 a composite number?
True
Is 45458703779 a prime number?
True
Is 17783036741 prime?
True
Is 224183621 prime?
False
Is 44063066233 prime?
False
Is 392589781 a composite number?
True
Is 2826944081 composite?
True
Is 250116179 a composite number?
True
Is 1472962397 prime?
False
Is 4350012917 composite?
False
Is 2045032321 prime?
True
Is 922600069 prime?
False
Is 454993878007 a prime number?
True
Is 3525681749 a composite number?
False
Is 8458893929 composite?
True
Is 14448042367 composite?
True
Is 14953877909 a composite number?
True
Is 3439154627 composite?
False
Is 81311210285 a composite number?
True
Is 359227733 prime?
True
Is 1431263173 composite?
False
Is 50724369281 composite?
False
Is 684955463 a composite number?
False
Is 1051587631 a prime number?
False
Is 107796269387 prime?
False
Is 7747045121 composite?
False
Is 46754597 composite?
True
Is 2170675517 prime?
True
Is 24505666994 a prime number?
False
Is 1597805701 prime?
True
Is 2258083819 composite?
False
Is 4865091463 composite?
False
Is 2354460029 composite?
False
Is 79295411098 composite?
True
Is 224413663 a composite number?
False
Is 5556237199 a composite number?
True
Is 25058003837 a composite number?
False
Is 2595809987 a composite number?
True
Is 1296121433 a prime number?
False
Is 8849620123 a composite number?
True
Is 2796157929 a composite number?
True
Is 20133753377 composite?
False
Is 170685017 prime?
False
Is 1136095381 a prime number?
True
Is 1659715411 composite?
True
Is 6009536861 composite?
True
Is 156285039283 a prime number?
True
Is 497347187047 composite?
False
Is 5669424529 a composite number?
False
Is 6592920211 prime?
True
Is 1129212781 composite?
False
Is 616105429 composite?
True
Is 15668500763 a prime number?
False
Is 204192067 prime?
True
Is 582173887 a prime number?
False
Is 3649090219 a composite number?
False
Is 6563808767 composite?
False
Is 1046074193 a composite number?
True
Is 26499433613 prime?
True
Is 358623709 a composite number?
False
Is 3037180637 a prime number?
True
Is 9485114461 composite?
True
Is 4934313343 a composite number?
True
Is 201514487297 composite?
True
Is 9432355981 a composite number?
True
Is 13361963889 a composite number?
True
Is 12121865695 a prime number?
False
Is 109839391 a prime number?
False
Is 54919957 a prime number?
False
Is 1652381989 prime?
False
Is 1074957649 a prime number?
False
Is 978565285 prime?
False
Is 363881419 a prime number?
False
Is 20406369617 a prime number?
False
Is 1867732637 prime?
False
Is 1026372407 a prime number?
True
Is 697576454 a composite number?
True
Is 30873192191 a composite number?
True
Is 55909594309 a prime number?
True
Is 2194525807 prime?
True
Is 1223053043 a composite number?
True
Is 8136092599 prime?
True
Is 157087303 a prime number?
True
Is 1829495707 composite?
True
Is 36122905327 a prime number?
True
Is 80802893 a prime number?
False
Is 59682678329 a prime number?
True
Is 1705295303 a prime number?
True
Is 383715587 a prime number?
True
Is 2394751837 composite?
False
Is 1435776793 a prime number?
False
Is 117759044243 a composite number?
False
Is 4441799017 prime?
True
Is 401815577 composite?
True
Is 5783045623 a composite number?
True
Is 38193083 composite?
False
Is 43844799491 composite?
False
Is 76457525587 a prime number?
True
Is 1456339138 prime?
False
Is 4682947697 a prime number?
True
Is 375924953 prime?
False
Is 23582353 a prime number?
True
Is 11685942949 a prime number?
True
Is 245673583 prime?
True
Is 9193561831 prime?
False
Is 10677306239 prime?
True
Is 365178509 prime?
False
Is 5440515229 a prime number?
True
Is 8612071891 prime?
False
Is 2895024133 prime?
False
Is 6153626801 composite?
True
Is 72175823281 prime?
False
Is 181602267619 a prime number?
True
Is 10514149213 composite?
True
Is 13002808913 prime?
True
Is 16645102613 prime?
True
Is 126543930239 a prime number?
True
Is 1243183817 a prime number?
False
Is 1442839901 prime?
False
Is 1700006311 composite?
False
Is 1470730253 a prime number?
True
Is 775540573 a prime number?
False
Is 163196342 composite?
True
Is 25971442867 a prime number?
True
Is 2736936253 prime